- 38. Is i composite?
False
Let u(c) = 2*c**2 - 2*c - 2. Let s be u(-1). Suppose -1135 = -t + s*r, -6*t + 4*r = -7*t + 1129. Is t prime?
False
Suppose 11 = 2*s + 2*f - 1255, 0 = -3*s - 5*f + 1903. Is s a prime number?
True
Let u(y) = -58*y + 13373. Is u(0) composite?
True
Suppose 4*w = 18*w - 912478. Is w a composite number?
True
Let j(v) = -v - 1. Let h(p) = 173*p**2 - 11*p + 4. Let z(m) = h(m) - j(m). Is z(2) prime?
True
Let k(l) = -2*l - 24. Let q be k(-12). Suppose q*p - 171 = -3*p. Is p a prime number?
False
Suppose 4*i - 15 + 11 = 0. Is (-2 - -259*i) + 3 + -1 a composite number?
True
Let k be 190 + -3*(-4)/(-6). Suppose -4*z + k = -184. Let r = z - 19. Is r composite?
True
Let d be (-56)/3*7/(70/(-15)). Is (-5264)/(-6) + (d/(-21) - -1) a composite number?
False
Suppose 13*a = 28325 + 2. Is a a composite number?
False
Suppose 123270 = 24*g - 195570. Is g a prime number?
False
Let w(a) = 2*a**2 + a + 2. Let d be w(-1). Suppose i - 2*i - d = 0. Is ((-7)/i)/(1/267) prime?
False
Let l = 19343 + -310. Is l composite?
True
Let u = -14920 + 25415. Is u composite?
True
Let w(m) be the second derivative of m**4/12 + 13*m**3/6 + 19*m**2/2 + 16*m. Let x be (1 - 0)/((-3)/39). Is w(x) a prime number?
True
Suppose 0 = -2*f - 4*n + 12, 4*f - 3*n + 8 + 1 = 0. Suppose f = -i - 4*i - 15. Let w = 116 - i. Is w a composite number?
True
Let h(p) = p**3 - 4*p**2 + 3*p - 9. Let b be h(4). Suppose -b*l - 2*o = -6859, 5*o - 10203 = -5*l + 1227. Is l composite?
False
Suppose 0*w = w + 8. Let x = 9 + w. Is 1*x/(-1) + 158 a composite number?
False
Let z = -37 - -34. Is 907*z/(-4 - -1) a composite number?
False
Let z = 1458 + 481. Is z a prime number?
False
Suppose 5*o - 9427 = -2*g, -5*o + 23608 = 5*g - 6*o. Is g composite?
False
Let n = 243 + -138. Let m = -48 + n. Let f = m + -24. Is f a composite number?
True
Let t = -843 + 1772. Is t composite?
False
Let y = -5 + 10. Suppose 0 = -y*q + 2*q + 177. Let t = 148 - q. Is t a prime number?
True
Let o = 9 + -7. Let n(x) = 15*x - x**2 - x - 5 - 3*x + 4*x**o. Is n(-12) a composite number?
True
Let y = 9 - 4. Suppose 1 = -p + y. Suppose -4*d - 2*j = -14, d - p*d = -2*j - 28. Is d prime?
False
Let n(o) = -5212*o - 371. Is n(-4) a composite number?
False
Is 125237*(-9)/(-252)*4 composite?
False
Suppose -23*w - 540 = -18*w. Suppose -6*c + 255 = -c. Let y = c - w. Is y prime?
False
Suppose 13*n + 10 = 3*n. Let i = 33 - n. Is i a prime number?
False
Let q = 1671 - 1190. Is q composite?
True
Let a(h) = 109*h**2 + 7*h - 55. Is a(-11) a prime number?
False
Suppose -22*u - 7*u = -638. Is u composite?
True
Let f(x) = -x**2 - 3 + 0*x - 5*x**2 - 5*x - 2*x**3 - 3*x. Suppose 0 = -4*o + 8*o + 28. Is f(o) composite?
True
Is 13304 - (-5)/1*1 a prime number?
True
Let r(c) = c**2 + 9*c. Let x be r(-9). Let z(b) = 2*b + 211. Is z(x) a composite number?
False
Suppose -5*v + 6*v = -13. Let z = v + 23. Suppose -9*t + z*t = 109. Is t prime?
True
Let c(u) = -u**2 + u. Let l(f) = -f**3 - 16*f**2 + 16*f - 22. Let h(b) = -b**3 + 2*b**2 - 2. Let p be h(2). Let w(j) = p*c(j) - l(j). Is w(-15) composite?
False
Is (-54)/324 + (-183175)/(-6) composite?
False
Suppose 6*g - 26 = 2*g + 3*d, 2*g = d + 12. Let r be 18/4 + 2/4. Suppose 89 = -b + 2*b + 4*k, g*b - r*k = 445. Is b a prime number?
True
Let k(d) = d**3 - 10*d**2 + 17*d. Let q be k(8). Suppose 4*b - q = 0, -h + 114 = h - b. Is h a composite number?
True
Suppose 228*v - 232*v + 3020 = 0. Is v prime?
False
Let u(i) = i**2 + 5*i - 4. Let s be u(-6). Suppose 3*a - 4204 = -5*d, -5*a + s*a + 2*d + 4211 = 0. Is a a prime number?
False
Let w(n) = -13*n**3 + 8*n**2 + 10*n + 10. Is w(-6) prime?
False
Suppose 14*v - 55250 - 144628 = 0. Let l = -7638 + v. Is l a composite number?
True
Suppose -2*y + y = 4*p - 43, p - 31 = -y. Suppose 0 = -2*a + 11 + y. Is a composite?
False
Let w(s) = 3325*s - 908. Is w(45) a composite number?
True
Suppose -5*w - 20 = -5*d, -4*w + 32 - 6 = 3*d. Is 184/d - 1/(-3) prime?
True
Is (-57 - 338)*379/(-5) prime?
False
Suppose -3*u + 737 = -5*f + 4*f, -5*u = 3*f - 1233. Let l be (-2)/4 - (-5)/2. Suppose u = l*s + 3*y, 3*s - 6*s = 3*y - 369. Is s a composite number?
True
Let q(u) = -u**2 + 4*u - 4. Let t be q(10). Is (-3 + -8)/(1 - t/(-62)) a prime number?
False
Is -2*(-7)/((-42)/(-19473)) prime?
True
Let d be 9/(-18) - 14/(-4). Let y be (d + -1)/(5 - 3). Is y + ((-6)/(-3) - -88) prime?
False
Suppose 2*g - 2*k + 12 = 2*k, -k = -g - 2. Suppose -r + 816 = g*r. Let j = 455 - r. Is j a composite number?
True
Is (36/16)/3 - 72725/(-20) a composite number?
False
Let m(u) = 45*u**2 + 6*u + 7. Is m(-6) a composite number?
True
Suppose 3*g = 4*u - 1536, 2*u - 6*g + 2*g - 768 = 0. Suppose 259 + 478 = -11*v. Let q = u + v. Is q prime?
True
Suppose 3*v - 2*v + 7 = 4*t, -5*t = v - 11. Suppose -4*o + 2 = -4*g + 6, 0 = t*o - 5*g + 8. Is (138/(-15))/(o/(-5)) prime?
False
Let q(z) be the second derivative of z**5/20 + 5*z**4/12 - z**3/6 + 2*z**2 + 6*z. Let t be q(-5). Suppose -t + 304 = 5*s. Is s a prime number?
True
Suppose 2*l - 6 = -3*t, t - 6 + 4 = 4*l. Suppose -14*d + d + 2093 = l. Is d a prime number?
False
Let k(h) = -9*h**3 - 9*h**2 + 22. Let l be k(-7). Let y = l + -1409. Is y prime?
True
Suppose 4*p - 7 = -a + 7, 12 = 2*p + 3*a. Suppose -4*d = p*y - 4285, 3*d - 3376 + 518 = -2*y. Is y a composite number?
False
Let h(b) = 1066*b + 645. Is h(14) a prime number?
True
Let j(i) = 154*i**2 - i - 1. Suppose -3*f = -7*f + 12, 0 = -4*b + 5*f - 7. Is j(b) prime?
True
Suppose -d + 7 = -4*s + s, 0 = s. Suppose -2*f + 8 = 3*a - 6*f, 3*a = f - d. Let u = 63 - a. Is u composite?
False
Suppose -k - k - 6 = 0. Let p be (-1021147)/(-268) - 2/8. Is (1/k)/((-5)/p) prime?
False
Let i(w) = 804*w + 5. Let m be i(3). Suppose 0 = 5*z + m + 1348. Let r = -340 - z. Is r composite?
True
Suppose -5*r = -3*j + 28630, 8*j - 5*r = 3*j + 47700. Is j composite?
True
Suppose -28*t + 96284 = -36296. Is t composite?
True
Suppose 47 = -5*b + 22. Let n(x) = -x - 1. Let g be n(b). Suppose -5*v + 2609 = g*q - 1312, 2*v = 2*q + 1554. Is v a composite number?
True
Let q = -98 + 173. Let v be (-24)/8*(-2)/3. Suppose 5*f + v*u - q = 46, u + 43 = 2*f. Is f a prime number?
True
Let c = 1047 - -212. Is c a composite number?
False
Let t = -34 + 37. Suppose -4*q - 5*u = -2656, -q + t*q - 1326 = -3*u. Is q a prime number?
False
Let c = 2175 - -223. Suppose -3*q + 2*q = -5. Is q/(10/c) + 4 composite?
True
Suppose 0 = -4*r + 12, r = -3*v - 3*r + 23610. Is (-10)/40 + v/8 composite?
False
Let p(t) = 485*t + 2. Let f = 0 + -8. Let z(c) = c + 9. Let g be z(f). Is p(g) a composite number?
False
Let h = 1343 + 3348. Is h composite?
False
Is 12/9 + (-139315)/(-45)*3 a composite number?
True
Let y = 4762 - 1421. Is y composite?
True
Let x be (11/4 - 2)*24/9. Suppose x*m = -3*q + 1355, -2*m = -m - 4*q - 661. Is m prime?
True
Suppose 4*a - 148 = -5*o, -28 = -a - 0*o + o. Let v(z) = 2*z**2 + 6*z + 9. Let k be v(4). Let p = k + a. Is p composite?
False
Let x(k) = -2 - 14*k**2 + 11*k**2 + 63*k**2. Let a be x(-3). Let v = 803 - a. Is v composite?
True
Let q = -13 + 17. Suppose 0*z + q*z - 872 = 0. Suppose 0 = -5*o - 33 + z. Is o composite?
False
Let s(k) be the third derivative of k**7/360 - k**6/720 + k**5/15 - k**2. Let u(f) be the third derivative of s(f). Is u(4) a composite number?
True
Let v(o) = o**3 - 7*o**2 + 9*o - 18. Let j be v(6). Suppose j*f - 1025 = -5*f. Is f a composite number?
True
Suppose -3*b + o + 29 = 0, -2*o = 7 - 3. Let s be 2/(-3)*b/(-2). Suppose -20 = -5*y, -s*k + 2*y = -247 - 414. Is k a composite number?
False
Suppose 34*q - 40*q + 44292 = 0. Is q a composite number?
True
Let k = -2071 - -3344. Is k a composite number?
True
Suppose 3035 = 2*x + 3*g, 11 = 5*g - 4. Is x a prime number?
False
Let l(x) = -5*x - 52. Let u be l(-12). Suppose 10821 = u*h - 14963. Is h a prime number?
False
Let r = -1817 + 3600. Is r a composite number?
False
Let b(p) = 316*p**3 - 3*p**2 + 17*p - 109. Is b(6) composite?
False
Suppose -25 = -4*l + 3*j + 29, l - 4*j = 20. Suppose -l*g + 2545 = -7*g. Is g prime?
True
Let g = -1062 - -1939. Is g a composite number?
False
Let s(i) be the second derivative of -2*i**3/3 - 4*i**2 - 6*i. Let q be s(-7). Suppose r = 5*w + 282, 8*w = 4*w + q. Is r prime?
True
Suppose 0 = -4*q - 8, 5*q + 21 = -5*m + 186. Suppose -m